 v(q) = -q**j + q**2 + 0 - q + 3*q**3 - 2. Determine v(-2).
-12
Let q(u) = -u**3 + 12*u**2 + 6. Let d be q(12). Let y(m) = -m**2 + 5*m + 4. Determine y(d).
-2
Suppose 4*t = -6 - 2. Let g(m) = -m + 12. Let b be g(8). Let n(f) = 3*f + 0*f - b*f + 1. What is n(t)?
3
Let t(q) = -3*q**2 + 8*q - 4. Let b(d) = -13*d**2 + 32*d - 15. Let j(l) = 2*b(l) - 9*t(l). Calculate j(7).
-1
Let c(o) = -o - 1. Let f be c(0). Let i be ((-1 - f) + -1)*-8. Suppose -i + 0 = -2*j. Let v(s) = -2*s + 1. Give v(j).
-7
Suppose 0 = 3*n + n - 20. Suppose -n*p - 26 = 4. Let b(w) = -2*w - 7. Give b(p).
5
Let r(w) = 2*w + 1. Let u(k) = k - 4. Let b be u(12). Let i(l) = l - 5. Let s be i(b). Determine r(s).
7
Let o(y) = 2*y**2 + 4*y + 3. Let q be -4*3*1/6. Let u be o(q). Let v be (-3)/u*(-1)/1. Let z(h) = -2*h + 1. What is z(v)?
-1
Let k(y) = 9*y**3 + y**2 + y - 11. Let j(x) = -4*x - 5*x**3 + 6 + 3*x + 8*x**2 - 9*x**2. Let a(l) = -7*j(l) - 4*k(l). Give a(4).
-2
Let p = 0 + -1. Let f = p - -6. Let c(k) = k**2 - 6*k - 7. Calculate c(f).
-12
Let z(j) be the first derivative of -13*j**4/4 - j + 1. Let w be ((-2)/2)/(-1 + 2). Calculate z(w).
12
Let m be 2/(-2) - 2 - 1. Let v(o) = -o - 2. Let z be v(m). Suppose 9 = z*f + 1. Let h(g) = g**3 - 3*g**2 - 5*g - 1. Calculate h(f).
-5
Let z(b) = b**2 - 4*b + 2. Let l be z(4). Suppose 15 - 50 = -3*m + 5*c, l*m = 2*c + 22. Let n be m*((-3)/2 - -1). Let h(r) = r**2 + 6*r. Determine h(n).
-5
Let s(w) = w**3 + 8*w**2 + 6*w - 5. Let z = -66 + 59. What is s(z)?
2
Let n(x) = -x**3 - 4*x**2 - 3*x - 6. Suppose -3*j - 4*d = 256, -485 = 5*j - 5*d - 0*d. Let l = j - -62. Let q be ((-24)/l)/(1/(-5)). Give n(q).
6
Let o be 10/(-15)*-1*3. Let w(q) be the second derivative of 0 - 5/12*q**4 - q**3 - 1/20*q**5 + 0*q**2 + o*q. Give w(-4).
8
Let a(n) = n**3 - 4*n**2 + 4*n + 1. Suppose -p - 3*c = 0, -5*p + c + 18 = 2. What is a(p)?
4
Let f(p) = -2*p**3 - 5*p**2 - 3*p + 3. Let c(k) = -2*k**3 - 4*k**2 - 2*k + 2. Let v(z) = 4*c(z) - 3*f(z). What is v(1)?
-3
Let k(t) = -t**3 + 7*t**2 - 4*t - 7. Let u(y) = y**2 + 2*y + 3. Let o be u(-3). What is k(o)?
5
Let w(q) = 4*q**2 - 4*q + 7. Let c(o) = -6*o**2 - 7 + 20 + 13*o**2 - 8*o. Let v(p) = -6*c(p) + 11*w(p). Determine v(-3).
5
Let n(s) = 6*s - 13*s + 6*s - 7. Let q be ((-6)/(-5))/(3/(-10)). Calculate n(q).
-3
Let a(p) = -39*p + 72*p + 7*p**2 - 32*p - 1 - 2*p**2. What is a(1)?
5
Suppose 0 = h - 4*h + 3. Let j(a) = 12*a + 3. Let q(v) = 6*v + 2. Let l(n) = -3*j(n) + 5*q(n). Give l(h).
-5
Let r = 12 - 19. Let z(j) = -j**2 + 216*j - 432*j + 210*j + 4. Determine z(r).
-3
Let b(j) = 4*j**2 - 9*j - 2. Let c(m) = 7*m**2 - 17*m - 4. Let x(g) = 5*b(g) - 3*c(g). Give x(6).
2
Let h(c) = 5*c**3 + 5*c**2 - 11*c - 2. Let w(b) = 4*b**3 + 5*b**2 - 10*b - 2. Let r(l) = -3*h(l) + 4*w(l). Calculate r(-6).
4
Let r(v) = -2*v + 2 + 9*v - 8*v + 3. Determine r(6).
-1
Let k(g) = -2*g**2 - g - 4. Let p(i) = -7*i**2 - 2*i - 11. Let r(s) = 8*k(s) - 3*p(s). Calculate r(1).
4
Let p(x) be the second derivative of x**4/12 + x**3 - 2*x**2 - 12*x - 3. Suppose -k = -0*k + 5. Calculate p(k).
-9
Suppose -2*q + 16 = -3*c, 15 = -3*c + 4*q + 1. Let n(b) = -b**3 - 7*b**2 - 8*b - 8. Give n(c).
4
Suppose -3*j + 16 = 4. Let x(v) be the first derivative of -2*v**2 + j*v**2 + 1 - v**2. Determine x(1).
2
Let k(q) = 5*q**3 + 8*q**2 + 4*q. Let d(h) = 6*h**3 + 9*h**2 + 5*h - 1. Let n(p) = 4*d(p) - 5*k(p). Give n(-4).
-4
Suppose 15 - 50 = 5*j. Let g(n) = n + 9. Give g(j).
2
Let k(i) be the second derivative of i**5/20 - i**4/3 + i**3/3 - 5*i**2/2 + 2*i. Suppose 8 + 16 = 3*l. Let s = l - 4. Calculate k(s).
3
Let p(i) = -11*i + 5*i**3 - 5*i**2 - 4*i**3 + 16*i - 1. Suppose 5*g = r - 14, 2*g - 9 - 1 = 3*r. Let f be (-3)/(-1)*(-8)/r. Give p(f).
3
Let q(r) be the second derivative of r**5/20 + r**4/3 - 7*r**3/6 - r**2/2 + r. Let t be (-1)/1 - (-9 + 6). Suppose 7 = -l + t. What is q(l)?
9
Suppose -3*g - 43 = 4*h, -3*h - 5*g - 33 = 2. Let k(i) = 2*i + 11. Calculate k(h).
-9
Let d(f) = f. Suppose -1 = -q - 2. Let w(j) = -j**2 + 4*j - 2. Let g be w(3). Let b be q*((5 - g) + 1). What is d(b)?
-5
Suppose 6*m = 4*m + 26. Suppose -m = 7*h - 2*h - 2*f, 2*f - 10 = 2*h. Let w(q) = -11*q - 1. Determine w(h).
10
Let y(h) be the second derivative of 0 - 1/2*h**3 - 2*h + 1/12*h**4 - 7/2*h**2. Determine y(5).
3
Let q(f) be the second derivative of -f**3 + 3*f**2/2 - f. Let b be 9/4 - (156/16)/(-13). What is q(b)?
-15
Let f(p) be the second derivative of -2*p**3/3 - p**2/2 + p. Suppose 10 = -3*j - 4*v, 16 = -2*j + j + 5*v. Let z(y) = y + 4. Let s be z(j). Determine f(s).
7
Let z(y) be the first derivative of -y**2/2 - y + 5. Give z(-3).
2
Let w(o) = -o**3 + 5*o**2 + 5*o + 8. Let f be w(6). Let r(i) = -2*i + 3*i + f - 6. What is r(2)?
-2
Suppose 0*o + o = 0. Suppose o = -5*r - 0*r + 20. Let w(y) = 2*y + 4 - 3 + 0*y. Determine w(r).
9
Let u(p) = -3*p**3 + 3*p**2 - 2*p + 3. Suppose -5*i + 4*i - 3 = 0. Let b = -1 - i. Calculate u(b).
-13
Let c(x) = -x**3 + 5*x**2 - 4*x - 4. Let a be c(2). Let h(u) = u**3 - u**2 - 8. What is h(a)?
-8
Let v be 11/2 + 5/10. Let c(d) = d - 3. Determine c(v).
3
Suppose 3*v - 3 = 0, 4*z + 7 = -z + 2*v. Let q(b) = 2*b + 3. Let n(m) = 5*m + 8. Let l(s) = 3*n(s) - 8*q(s). Calculate l(z).
1
Suppose k - 32 = -0*k. Let o be k/12 + 1/3. Let q(h) be the third derivative of -h**4/24 + h**3/3 + 2*h**2. Determine q(o).
-1
Let n(a) be the second derivative of -1/2*a**2 + 1/6*a**3 - 3*a + 1/12*a**4 + 0. Determine n(-2).
1
Let n(w) = -5*w**3 - w + 1. Let d be n(1). Let p(b) = -4*b - 7. What is p(d)?
13
Let k(c) be the second derivative of 0*c**3 + 0 - 1/24*c**4 + 1/2*c**2 + 1/30*c**5 - 1/60*c**6 + 2*c. Let f(h) be the first derivative of k(h). Calculate f(1).
-1
Let f(h) = 2*h + 6. Let n = 31 + -35. Determine f(n).
-2
Suppose 0 = -4*u + m + 3*m + 24, 12 = 2*u + m. Let p(x) = -7 - 2*x**2 + x**2 - u*x - x + 0*x. Calculate p(-6).
-1
Let x(y) = -y - 4. Let c = -10 - -14. Let r = c - 8. Give x(r).
0
Let r = -8 - -11. Suppose r*x - 5*w = 2, -w + 6 = -5*x - 2*w. Let h(b) = 5*b**2 - b. Calculate h(x).
6
Suppose -2 = -2*y + m, y + 4*m = 2*m + 6. Suppose -2*z + y = -0. Let a(u) = -5*u**2 + 1. Give a(z).
-4
Let y(h) be the second derivative of h**4/2 + 11*h. What is y(-1)?
6
Let v(m) = m + 19. Let n = 48 + -48. What is v(n)?
19
Let s = -1 + 1. Let h = s - -3. Suppose -h*z + 2*w + 13 = 0, z - 3*w - 14 = 2*z. Let q(i) = 4*i**3 + 2*i - 1. What is q(z)?
5
Let o(v) = v**2 - 13*v + 12. Let t be o(12). Let j(r) = -r**2 - 1. Determine j(t).
-1
Let l be -3 - -1 - 1/(6/(-42)). Let j(o) = o + 1. Calculate j(l).
6
Let n(j) = -j**2 + 8*j - 3. Let a be n(6). Suppose -3*w + 0*w = -a. Let r(l) = -2 + 0*l**2 - 2*l**2 - 3*l + w*l**2. Calculate r(3).
-2
Let x be -2*(0 + -3 + 2). Suppose -s = -5, -2 = 2*i - 2*s + x. Let w(j) = 7 - i*j - 3*j + 5*j. What is w(0)?
7
Let m be (-15)/12 - 6/(-24). Let p(v) = 10*v. Determine p(m).
-10
Let n(l) = -l**2 - 5*l - 3. Suppose -4*s - 7 - 1 = 0. Give n(s).
3
Let l(f) = -f**2 - 8*f + 8. Let n be l(-8). Let w(h) = -h**3 + 9*h**2 - 6*h - 9. Calculate w(n).
7
Let x(u) be the third derivative of 1/10*u**5 + 0 + 1/120*u**6 + 6*u**2 + 1/24*u**4 + 0*u - 7/6*u**3. Give x(-6).
-13
Let j(q) = -q - 24. Let h be j(-18). Let s(b) = -b**2 - 5*b - 8. Determine s(h).
-14
Let c(t) = -3*t**2 + 2*t**2 - 4*t - 4*t**2 + 4 + 0*t**3 - t**3. Let k be c(-4). Suppose k*h = -0*h. Let f(o) = -o**3 - o + 8. Determine f(h).
8
Let o = -31 + 34. Let d(s) = s - 1. Give d(o).
2
Let b(x) = 0*x**3 + 0*x**2 - 3*x**2 - x**3 + 3*x + 6*x**2 + 1. Determine b(3).
10
Let r(x) be the first derivative of -x**5/60 + x**4/4 + x**3/2 + 5*x**2/2 + 1. Let p(a) be the second derivative of r(a). What is p(6)?
3
Let z(f) = -f + 2. Suppose -4*s = 2*v - 10, -4 + 2 = s - 4*v. Suppose -5*j - 1 = -4*j + 2*y, 5*j + s*y + 13 = 0. What is z(j)?
5
Let x = -11/2 + 6. Let p(j) be the third derivative of 2*j**2 - x*j**3 + 0 + 1/120*j**6 - 1/10*j**5 + 0*j + 1/6*j**4. Calculate p(5).
-8
Let i(w) be the second derivative of w**4/12 + 7*w**3/6 + 3*w**2 + w. Let x be 3/(-5) - (-99)/15. Suppose -x*l = -2*l + 20. Determine i(l).
-4
Let x(t) = t**2 + 6*t - 1. Suppose -40 + 3 = 2*p - 5*z, 3*p - z + 23 = 0. Let n be x(p). Let w(h) = 4*h + 1. Determine w(n).
-3
Let v(x) = -x**2 - 4*x + 21. Let n be v(-7). Let b(g) be the third derivative of 1/40*g**6 